 5*x - 3*t - 728 = 0. What is the units digit of x?
5
Suppose -7*s = -2*s - 100. Suppose s = -4*h, -2*m + h - 2 - 5 = 0. What is the units digit of ((-2)/m)/((-1)/(-3))?
1
Let z be 1*(-789)/(-21) + 15/35. Let f be (-1 - -5)*(-6)/8. Let a = f + z. What is the units digit of a?
5
Let r = 8 - -2. Suppose -r = -h - 13. What is the units digit of (h + 0)/3 - -12?
1
Let b(s) be the third derivative of s**6/120 - s**5/15 - 11*s**4/24 + 4*s**3/3 - 4*s**2. Suppose -1 = d - 8. What is the units digit of b(d)?
8
Let n be -195 - 1 - 10/(70/21). What is the tens digit of (-1 + 0/(-2))*(n + 2)?
9
Suppose 2*w = 4*g - 28, 3*w = -9 + 3. What is the units digit of (-1971)/(-24) + g/(-48)?
2
Suppose -s - 118 - 73 = 0. Let i = -129 - s. What is the units digit of i?
2
Suppose 5*m - n - 2298 = 0, -m + 0*m = 4*n - 447. Suppose 4*s = -z + 602, -3*s + 5*z - 2*z + m = 0. What is the units digit of s?
1
Suppose -2*k + 5*h = -42, -2*k - 4*h + 1 = -23. Let m(s) = -3*s + 2*s + 0 + k + 1. What is the units digit of m(11)?
6
Let r = 7161 - 3511. What is the units digit of r?
0
What is the units digit of (-1 - (-419)/2)/(30/420)?
9
Let t(f) = f**2 - f - 6. Let m be t(-4). What is the units digit of ((0 - 1) + -304)*m/(-70)?
1
Let u(o) = -o**3 - 8*o**2 + 5*o + 7. Let x be (-4)/34 + (-87)/(-17). Suppose -c + 0*v - 5 = -2*v, -x*c + 3*v = 39. What is the units digit of u(c)?
3
Suppose 9*u - 948 = 3*u. Let d = u + -14. What is the hundreds digit of d?
1
Let l = 13 + 37. Suppose 2 = -2*s + l. What is the units digit of s?
4
Suppose 2*j + 2*u + 10 = -2*j, -j - 20 = 4*u. Let q(i) = 3*i - 29. Let z be q(11). Suppose z*x + j*x - 104 = 0. What is the tens digit of x?
2
Let k(q) = -q**2 - q - 1. Let a(y) = -5*y**2 - 12*y + 32. Let p(j) = a(j) - 6*k(j). What is the tens digit of p(9)?
6
Let r(l) = -3010*l**3 + 5*l + 4. What is the thousands digit of r(-1)?
3
Let p = -5137 - -7750. What is the tens digit of p?
1
Suppose 3*b = 3*f - 0*f + 2946, -3*f + 982 = b. What is the tens digit of b?
8
Suppose 0 = 2*z + z - 12. Suppose 4 = z*h, 3*s = -0*h + h + 227. Let c = s + -8. What is the units digit of c?
8
Suppose -2*f - 3*f + 45 = 4*d, -2*f = 2*d - 20. Suppose -3*s + 1008 = f*n, 2*n + 0*n = -s + 404. What is the hundreds digit of n?
2
Suppose 5*x + 2*i - 12 = 61, -5*i + 59 = 3*x. Let r(h) = h**3 - 14*h**2 + 11*h + 6. Let c be r(x). Let s = 4 - c. What is the tens digit of s?
2
Suppose 1400 + 352 = 6*w. Suppose 136 = h - g + 42, 3*h = 5*g + w. What is the units digit of h?
9
Let h(q) be the third derivative of -3*q**4/8 - q**3/6 + 26*q**2. What is the units digit of h(-1)?
8
Let k(r) = 35*r + 207. Let o be k(-6). Let z(d) be the third derivative of -11*d**4/24 + 3*d**3/2 + d**2. What is the tens digit of z(o)?
4
Let h(a) = 41*a**2 - 12*a + 75. What is the tens digit of h(4)?
8
What is the tens digit of (1390/(-4))/((-76)/24 - -3)?
8
What is the hundreds digit of 5/(15/(-6)) - (-398)/1?
3
Let r(l) = 9*l**2 - 9 + 5*l**2 - 15*l**2 - 27*l + 9*l. Suppose 5*h + 3 = -57. What is the tens digit of r(h)?
6
Let q = 10 + -6. Let s = q - -35. What is the tens digit of s?
3
Suppose 0 = 2*k + 2, -3*q = -3*k - 2118. Suppose -87*u - q = -92*u. What is the tens digit of u?
4
Let k = 126 - 90. Let y be 8/k + 2/(-9). Suppose y = x - z + 3 - 6, -2*x + 21 = z. What is the units digit of x?
8
Let k(c) = c**3 + 5*c**2 - 3*c - 3. Let d(z) = 5*z + 7. Let y be d(-2). What is the tens digit of k(y)?
2
Let d = 1109 - 93. What is the hundreds digit of d?
0
Let v(k) = k - 1. Let n be v(4). Suppose n*a - 60 = -2*a. What is the units digit of 13/2 - (-6)/a?
7
Let w = -292 - -372. What is the tens digit of w?
8
Let m = 3 - 3. Suppose -3*h + 172 = h - 2*l, -5*h - 2*l + 224 = m. What is the units digit of h?
4
Let o be (-9)/(-1) - (0 - 3). Suppose 2*h = 6*h - o. Suppose -3*c = x + h, -x + c + 13 = -4*c. What is the units digit of x?
3
Suppose w + o - 969 = 0, -o = -3*w - 0*o + 2911. What is the units digit of w?
0
Let v(b) = 3*b + 4*b + 19 - b. Let x(o) = 78*o + 246. Let k(n) = 27*v(n) - 2*x(n). What is the tens digit of k(10)?
8
Let b = -284 - -492. What is the units digit of b?
8
Suppose 4*m + 128 = 4*l, -2*m - 2*m = 3*l + 142. Let n = m + 50. Suppose i = 5*i - n. What is the units digit of i?
4
Let y(v) = v**3 + 13*v**2 + 13*v + 14. Let w be y(-12). Suppose d = -w*f + 104 - 12, 2 = -2*f. What is the units digit of d?
4
Suppose 3*b + 2*k + 16 = -2*k, 2*b = -k - 4. Suppose b = -m - a - 64, 3*m + 2*a + 120 = -75. Let l = m - -107. What is the units digit of l?
0
Suppose 5*n + 59 = 4*f, 6*n - 2*f + 57 = n. Let a = 128 - n. What is the tens digit of a?
3
Suppose 0 = 5*b - 6*b. Suppose 15 = 5*w - b*w. Suppose -12 = -r - w*r. What is the units digit of r?
3
Let q(o) = 4*o - 17. Suppose 0 = 3*d - 6*d, 0 = 4*y - 5*d - 52. Let f be q(y). Let b = f + -21. What is the tens digit of b?
1
What is the tens digit of 327/(1/(-3) + (-91)/(-84))?
3
Let l be 6/(-12) - (-25)/2. Let h be (-27)/6*(2 - 0). Let a = h + l. What is the units digit of a?
3
What is the hundreds digit of (-5844)/(-14) + (126/(-49))/6?
4
Suppose 4*r - 2284 = 4*w, 4*r - 570 = 3*r + 2*w. What is the tens digit of r?
7
Suppose -2211 = 2*s - 5*s. Suppose -7*x = 149 - s. What is the units digit of x?
4
Let a(l) = -25*l**3 + 3*l**2 + 15*l + 59. What is the tens digit of a(-4)?
4
Let q = 40 - -1. Let i = q - 37. What is the units digit of i?
4
Suppose -5*d + 4*d - 5*a = -434, 2060 = 5*d + 3*a. Let x = -178 + d. What is the units digit of x?
1
Let j(t) = -t**2 - 5*t + 1. Let p be j(-5). Suppose b = -3*k - p, 3*k = 3*b - 5 - 4. What is the tens digit of (6/b)/(15/255)?
5
Suppose 3*k - 11*k = -224. What is the tens digit of k*(3 + -1) - -3?
5
Let m(l) = -l**2 + 3*l + 7. Let y be m(5). What is the tens digit of -1 + y - (-55 - -1)?
5
Suppose -5*p - 9138 + 32383 = 0. What is the hundreds digit of p?
6
Let o = -30 + 22. What is the tens digit of (-237)/o - 57/(-152)?
3
Let b(j) be the third derivative of -23*j**4/24 - j**3/2 + 11*j**2. What is the tens digit of b(-4)?
8
Suppose 10*q = 7*q + 960. What is the tens digit of q?
2
Let y be 1 - (4 + 4 + -2). Suppose 0*g = -5*k + 3*g - 112, 5*g = -3*k - 40. What is the units digit of (2/y)/(2/k)?
4
Let v(j) = -j + 11. Let s be v(17). What is the tens digit of (s/(-15))/((-8)/(-1120))?
5
Let o be 1/((-3 + (-2284)/(-762))/(-1)). Suppose y - 3*y + 376 = 2*j, -2*y - 3*j = -o. What is the units digit of y?
3
Let h = -63 + 64. What is the units digit of (3 + -1)/(-2) + (48 - h)?
6
Let h be 1*(-4)/(4/(-3)). Suppose -9 = -0*y + h*y. What is the units digit of 36/27*y/(-2)?
2
Let x be 8/36*-3*3. Let b be x*((-76)/8 - -1). Let g = b - 1. What is the units digit of g?
6
Let v(t) = t**3 - t**2 + 4*t - 3. Let s be v(-5). Let f = 88 + s. Let x = f - -134. What is the tens digit of x?
4
Suppose 2*y + a = 6*a - 23, 3*y - 18 = -3*a. What is the tens digit of 6/(-27) - (5865/(-27))/y?
1
Suppose -3*c + 2985 = 2*c + 5*m, 2*c + 5*m = 1185. What is the hundreds digit of c?
6
Let d(x) = 30*x**2 + 9*x - 19. Let r be d(3). Let p = -181 + r. What is the tens digit of p?
9
Let o = 27 - 26. What is the units digit of (-219)/(-6) + o/2?
7
Let m be 2/((-1)/(-2 - 0)). What is the units digit of m - (-27 + 4 + 0)?
7
Suppose -5*c + 9610 = -5*a, -11*c - 5*a = -13*c + 3832. What is the hundreds digit of c?
9
Suppose 0*a + 40 = 5*a. Suppose -a*d + 50 = -3*d. Suppose -d + 50 = 4*l. What is the units digit of l?
0
Suppose -r + q + 13 = 0, q + 73 = 5*r + 12. Suppose r = -t - t. What is the tens digit of t/(9/3) + 21?
1
Let x be (4/(-8))/(1 + (-129)/132). Let a = 22 - 33. Let l = a - x. What is the tens digit of l?
1
Suppose -3*f + 5*f + 32 = 0. Let a be 4/(-3)*24/f. Suppose -3*k - a*k + 170 = 0. What is the units digit of k?
4
Let m(x) = x**3 + 5*x**2 - 2*x - 1. Let b be m(-5). Let o = b - 5. Suppose 3*n = -o*u + 44, n + 2*n - 33 = -3*u. What is the tens digit of u?
1
Suppose -3*f + 0*f = b - 347, 2*b - f = 708. Let l = b + -117. What is the units digit of l?
6
What is the hundreds digit of (5 - 12) + 377 - -5?
3
Suppose 4*n + 34 = 4*r + 6*n, n = 4*r - 37. Let l = 14 - r. Suppose l*i - 101 = 34. What is the tens digit of i?
2
Let p(a) = -3*a - 17. Let b(h) = -3*h - 17. Let c(s) = 3*b(s) - 4*p(s). Suppose 1412 = 7*n + 1314. What is the units digit of c(n)?
9
Suppose 137*c - 14